 + 107*g - 4 - 44 + 0. Is q(5) a composite number?
False
Suppose 5*f + 25 = 0, -2*f = -3*v + 1542 - 6293. Is 1*(7 + -9 - v) a composite number?
True
Suppose -5*p = 3*w - 17, 5*w = -4*p + 15 - 4. Is p/18 - 5281/(-9) composite?
False
Let o(m) = 28*m**2 - 21*m - 10. Let q(y) = -19*y**2 + 14*y + 7. Let d(n) = 5*o(n) + 7*q(n). Is d(7) a composite number?
False
Let k(x) = 2*x**2 + 19*x + 17. Let h be k(-9). Let l(w) = 582*w + 7. Is l(h) a composite number?
False
Let r(u) = 12*u + 257. Let v be r(35). Let d = v + 272. Is d composite?
True
Suppose -14839 = -10*b + 77151. Is b a composite number?
False
Suppose 208676 = 3*r + c, 3*r - 208651 = 9*c - 5*c. Is r a composite number?
False
Let l(z) = -z**3 - 5*z**2 - 3*z - 12. Let w be l(-5). Suppose 0 = -3*g - w*k + 15, -4 = 4*g - 4*k - 0. Suppose 0 = g*v + 2*v - 124. Is v composite?
False
Let b = 20664 - 10945. Is b composite?
False
Suppose n - 5602616 = -4*g, n + 1131850 + 268799 = g. Is g a prime number?
True
Suppose 10305 + 1330 = 13*s. Let x be ((-6)/(-4))/((-6)/(-8)). Suppose -3*k + s = x*k. Is k a composite number?
False
Let m be (56/(-10))/(3*5/(-150)). Let f = 63 - m. Is 126/4 + f/(-14) composite?
False
Let v = 31 - 11. Suppose -v*l + 21*l = -27. Is (l/18)/(3/(-358)) a prime number?
True
Suppose 44*g + 71849 = 46*g - c, g - 35947 = -4*c. Is g a composite number?
True
Suppose 3*t = -w + 31 - 21, 20 = 2*t + 4*w. Suppose -2*y = -3*n + 6481, -4*n - t*y + 8633 = -3*y. Is n prime?
False
Let v = -736 + 791. Let t = 21046 + v. Is t a prime number?
True
Let t(l) = -l - 7*l + 7*l + 2*l + 11. Let n be t(-8). Let d(q) = 28*q**2 + 7*q - 6. Is d(n) a prime number?
False
Let h(b) = -1975*b + 1 - 3 + 1 + 388*b. Let v be h(-1). Suppose 524 = 2*k - v. Is k prime?
False
Let f be (10/(-4))/((-1)/2). Suppose 4*n - 30*o = -33*o + 3131, -2*n - 2*o + 1568 = 0. Suppose t = -m + 128 + n, 4*t - 3628 = -f*m. Is t a prime number?
True
Is ((-459386)/8)/(0 + (-1)/28) a composite number?
True
Let f = -911 + 1342. Is f/(-5 - (-5 - 1)) a composite number?
False
Let j be ((4 - 11) + -2)*(8 - 78). Suppose 0*a - 2*a = 752. Let f = a + j. Is f a prime number?
False
Let h(u) = 144*u**2 - 73*u**2 - 39 - 20*u - 31 - 52*u**2 + 15*u**3. Is h(12) a composite number?
True
Let o(k) = 3*k**3 + 3*k**2 + 8*k - 5. Let s(v) = 2*v - 2. Let p be s(-4). Let r be (1/2)/(p/(-100)). Is o(r) a composite number?
True
Suppose 2*o = 8*o - 84. Let z be (1*2/(-1))/(o/(-21)). Is (2/z)/(2/3831) prime?
True
Suppose 70*r + 133*r + 9190690 = 42462999. Is r a prime number?
False
Let m(z) = 9*z - 40. Let l = -47 - -102. Suppose -4*u - l = -2*d - d, -2*d = -u - 35. Is m(d) a composite number?
False
Let a be 12*(-4 - (4 - 9))*2. Is a/144 - 1541/(-6) a composite number?
False
Let t = 236 + -234. Is (21/9 - t)*573 prime?
True
Suppose 128*t - 132*t - 5*z + 705382 = 0, -5*z + 30 = 0. Is t prime?
False
Let r be ((-4)/(-6))/((-4)/(-30)). Suppose -3142 = -r*l + 5808. Let a = -1249 + l. Is a prime?
True
Is (15/30)/((-1)/5*5/(-100370)) a prime number?
False
Let c(z) = z**3 - 8*z**2 - 15*z + 3. Let k be -29 - 4 - (-1 + 2). Let a = -23 - k. Is c(a) a prime number?
False
Let i(k) = -1012*k**2 + 34*k - 113. Let y(c) = -2024*c**2 + 67*c - 225. Let s(w) = 7*i(w) - 4*y(w). Is s(4) prime?
False
Suppose 0 = -2*w, 3*o = 2*w - 0*w - 21. Suppose -90 = 8*g + 142. Let u = o - g. Is u prime?
False
Suppose 0 = 6*v - 91 - 59. Suppose -805 = -v*g + 20*g. Is g a composite number?
True
Let r = 464 - 460. Let m = 1879 - -73. Is m + 1 + -3 + r + -5 a composite number?
False
Let f = 1561501 + -1007191. Is f/(-54)*(2/1)/(-2) prime?
False
Suppose -15*a = -2087 - 5878. Suppose 0 = -3*u - 4*v + 41, 4*u + 0*u - 4*v - 36 = 0. Suppose u*t = a + 4628. Is t a prime number?
False
Let m = 13140 + 8592. Suppose 16*b = 4*b + m. Is b prime?
True
Suppose -2*j + j = 34. Let n = j + 43. Suppose 265 = -n*d + 14*d. Is d a composite number?
False
Let y = 12172 - 2565. Let r = -6356 + y. Is r a composite number?
False
Is (-12 - 332/(-28))*-152159 a prime number?
True
Let l(y) = -495*y + 990*y - 488*y + 37*y**3 - 7*y**2. Is l(1) composite?
False
Suppose 0 = 3*s - z - 905857, -2*s + 80*z + 603910 = 78*z. Is s composite?
True
Suppose 4*v - 645 = v. Let z = v - -113. Let i = z - 187. Is i a composite number?
True
Let z(x) be the second derivative of 26*x**4/3 + 7*x**3/3 - 29*x**2/2 - 23*x. Is z(4) prime?
False
Suppose -2092456 = -10*z + 9*z - 7*z. Is z a prime number?
True
Let v(h) = 165*h - 83. Let y(b) = b**2 - 30*b + 110. Let c be y(4). Is v(c) composite?
False
Is ((78/12)/(-13))/((-1813794)/604596 + 3) a prime number?
True
Let f(h) = 3*h**3 + 9*h**2 + 14*h - 25. Let j(t) = -3*t**3 - 9*t**2 - 15*t + 24. Let o(k) = 5*f(k) + 6*j(k). Is o(-9) a prime number?
True
Let k = 260 + -254. Suppose 7337 - 923 = k*h. Is h a prime number?
True
Suppose 4*z - 60879 = 2845. Is z a prime number?
False
Is 3 + (28/12 - 2) + (-16725470)/(-30) a prime number?
True
Let p be 4/(-12) - 44/(-6). Suppose -144*s + 141*s - 3*l = -1230, 0 = 3*l + 6. Suppose 673 + s = p*v. Is v a prime number?
False
Suppose 0 = -v + 2*v + 3*v. Suppose v = 10*c - 6*c - 8. Suppose -c*h + 3658 = -1560. Is h prime?
True
Let b = 417 - 423. Is (-1237)/(33/55*2/b) a composite number?
True
Suppose n - 3 = -4, 4*w - 2*n = 2. Suppose w + 25 = 5*l. Let t(p) = 10*p + 1. Is t(l) a composite number?
True
Let t(l) = -27*l**2 + 34*l + 221. Let y be t(-23). Let r = 33383 + y. Is r prime?
True
Let l be -8 + 5 + 3 + -5. Let r = -80 + l. Is ((-1731)/(-5))/((-17)/r) prime?
False
Suppose 0*z + 11 = z. Suppose 40 = -6*h + z*h. Suppose -s = -3*g + 344, -3*g - h + 322 = 5*s. Is g composite?
False
Suppose 4*t + 5*a - 6661 - 1683088 = 0, 4*t - 5*a - 1689699 = 0. Is t a composite number?
False
Suppose 76*b = 72*b + 2*c + 391186, 2*c = -5*b + 488969. Is b a prime number?
False
Suppose 17*u = 783543 + 710910. Is u a prime number?
False
Let j(f) = -2477*f**3 + 15*f**2 + 100*f + 45. Is j(-7) a composite number?
False
Suppose 4*i + 4*j - 3*j = 86261, -4*j = -i + 21561. Let l = i + -8403. Is l composite?
True
Let c = -55 - -58. Let t = 12 + c. Suppose -t*l + 9*l = -1590. Is l prime?
False
Let z(i) = -i**3 + 2*i**2 - 3*i + 6. Let h be z(2). Suppose h = 9*u - 254 + 11. Let a = 1028 + u. Is a composite?
True
Let g(r) = -r**2 - 4*r + 15. Let f be g(2). Suppose 0 = f*k - 1730 - 9811. Is k prime?
True
Let b = 6627 + -9351. Let l = 5147 + b. Is l a composite number?
False
Suppose 11*y - 16830 = 5*y. Let i = y - 1634. Is i composite?
False
Suppose 5*r + 19 = 3*y, -y + 2 = r + 9. Let l be 99/21 + r - (-48)/21. Suppose 0 = 3*h - 12, -d - l*d + 12341 = 2*h. Is d composite?
False
Let r = -79 - -3. Let a be (-11)/(-4) + (-19)/r. Suppose 4*m - 4*k = 5*m - 1053, m - 1081 = a*k. Is m prime?
True
Suppose 1078 = 2*t - 6340. Let n = t + -1196. Is n composite?
True
Suppose -3 - 15 = -6*l. Suppose -10 = 5*r, -r - r - 748 = -l*d. Suppose 5*x = -4*k + 1776, -2*k = 4*x - d - 646. Is k prime?
True
Let r(v) = -2*v + 19. Let t be r(12). Let g(s) = 9*s + 33. Let u be g(t). Is 13820/12 + 8/u a composite number?
False
Suppose -j = -100*q + 103*q - 236500, 5*j - q - 1182516 = 0. Is j a prime number?
True
Let o be 4 + 0 + -6 + (-160 - -1). Is (-2)/7 - 266823/o composite?
False
Let x(b) = 1756*b**2 + 89*b + 111. Is x(-22) a composite number?
True
Let r = -25895 + 63318. Is r prime?
True
Suppose -19*o = -24*o - 5*h + 1051615, 4*o = 4*h + 841340. Is o composite?
True
Let b(l) = -l - 8. Let u be b(8). Let c be (-2)/u + 255/136. Suppose -c*s - 313 + 3827 = 0. Is s a composite number?
True
Let w(f) = 0*f**3 + 2*f**3 + 10*f**2 + 21*f - 13*f + 1. Let q be w(9). Let a = q + -1260. Is a prime?
False
Let v(o) = 2*o**3 - 7*o**2 - 13*o + 16. Let a be v(8). Let z = a - -3395. Is z composite?
True
Let b = -29407 + 34440. Is b a composite number?
True
Let h(t) = 749*t**3 - 6*t**2 + 11*t + 149. Is h(9) prime?
False
Let y be ((-7)/((-196)/24))/((-2)/14). Let b be ((-9)/2)/(y/15592). Suppose 0 = -6*h - 0*h + b. Is h a prime number?
True
Let f(w) = -265*w + 4. Suppose 2*o + 5*x + 15 = 0, 5*x - 30 = -5*o + 6*x. Suppose -3*s = 1 + 2, -5*j + o*s = 40. Is f(j) composite?
False
Let w be (4 - 0) + -9 - -73. Let d = -65 + w. Suppose -d*t = -2072 - 2071. Is t prime?
True
Let r = -22 + 31. Let u(p) = 2*p - 13. Let j be u(r). Suppose -j*m + 275 = -2330. Is 